 17 - ((a - -2) + 0)?
2, 7
Let y = -14 - -17. List the prime factors of y.
3
Suppose -2*l - 25 = -7*l. Suppose 0 = l*y - 2*w - 114, -4*w = -y - 3*w + 24. What are the prime factors of y?
2, 11
List the prime factors of 6/(-4)*-2 + 436/4.
2, 7
Let i(g) = -g**2 + 14*g + 12. Let p be i(10). Suppose 0*l + p = 4*l. What are the prime factors of l?
13
List the prime factors of -1047*((-10)/15 + 2/6).
349
Let t = 8 - 1. Let r = t - 3. List the prime factors of r.
2
Let v = 20 + -5. Suppose 5*p + l = -l + 66, -2*p + 3*l = -v. List the prime factors of p.
2, 3
What are the prime factors of 2*(9/2 - 3)?
3
Suppose -56 = -5*t + 3*s + 62, t = 2*s + 25. List the prime factors of t.
23
Suppose 5*q - 58 = -3*m, 0 = 2*m + 3*q + q - 36. List the prime factors of m.
2, 13
Let r(d) = 4*d + 1. Let o be r(-1). List the prime factors of (-2)/o - (-28)/12.
3
Let n be (-12)/7*(1 + 6). Let j = n - -21. List the prime factors of j.
3
Suppose 5*g = -25, -2*x + x + 2*g = -16. Suppose -x*u + u = -10. Let q(b) = 2*b + 1. List the prime factors of q(u).
5
Let f = 4 - 5. Let o be f/(2/(-36 + 2)). Let y = -9 + o. What are the prime factors of y?
2
Let i = -105 + 325. List the prime factors of i.
2, 5, 11
Suppose -2*s + 14 = 4*k, 27 = 5*k - 3*s - 7. Suppose 3*f = k*v + 22, -4 = -f + 2*f + 4*v. List the prime factors of f.
2
Let y be (704/33)/((-4)/(-6)). Let c = 71 - y. What are the prime factors of c?
3, 13
Let b = 22 - 34. What are the prime factors of 15*(b/5)/(-4)?
3
Suppose -310 = -5*x + 5*h, -x - 294 = -6*x - 3*h. List the prime factors of x.
2, 3, 5
Let y(s) be the second derivative of -s**5/20 + 5*s**4/12 - s**3/2 - 7*s. Let h = 7 + -3. What are the prime factors of y(h)?
2
Let x = 72 + -23. List the prime factors of x.
7
Let i = -6 - -8. Suppose -i*t = 4*j - 32, -2*j - 5 = -5*t + 27. List the prime factors of t.
2
Suppose 3*k + 991 = 31. What are the prime factors of k/(-18) - (-2)/9?
2, 3
Let l(y) = -7*y. List the prime factors of l(-5).
5, 7
Let g be (-18)/((-12)/9 + 2). Let r = -8 - g. List the prime factors of r.
19
Let j = 22 + 5. Suppose -4*h = -109 - j. What are the prime factors of h?
2, 17
Let w be (-6 - 0) + 3 + -3. Let f(d) = -d**3 - 5*d**2 + 3*d - 5. List the prime factors of f(w).
13
Suppose 4*p + p - 20 = 0. Suppose 1 - 97 = -p*j. What are the prime factors of j?
2, 3
Suppose -5*d + 4*d - 3*i + 135 = 0, -4*d - i = -584. What are the prime factors of d?
3, 7
Let k(j) = j**2 - 7*j + 6. Let n be k(7). What are the prime factors of ((-116)/6)/((-4)/n)?
29
Let y = 159 - 52. Suppose 0 = 5*m - 13 - y. List the prime factors of m.
2, 3
Let u(f) = -f**2 - 7*f - 5. Let o be u(-5). Let j(b) = b**3 - 4*b**2 - 6*b - 1. Let z be j(o). Let i = z - -9. List the prime factors of i.
3
Let p(h) = -4*h - 13. What are the prime factors of p(-11)?
31
Suppose 0 = 5*w + 13 - 488. List the prime factors of w.
5, 19
What are the prime factors of (-85)/(6/(-3)*-1 - 3)?
5, 17
Let f be 6*1/4*4. Let n be 0 - -5 - (-5 + f). Let s(d) = -d**2 + 7*d - 6. List the prime factors of s(n).
2, 3
Suppose 0*b - 2*b = -5*g - 229, 5*g + 15 = 0. What are the prime factors of b?
107
Let z(l) = -l**3 + 9*l**2 - 8*l + 6. Let x be z(6). Suppose 0 = 5*a - 24 - x. List the prime factors of a.
2, 3
Suppose 2*b = -13 - 3. Let k = 19 + b. What are the prime factors of k?
11
Let a be ((-176)/40)/(1/5). Let r = 32 + a. List the prime factors of r.
2, 5
Suppose -j = 2*j + 15. List the prime factors of (-29)/(-5) + j/(-25).
2, 3
Suppose -102*s = -109*s + 2807. What are the prime factors of s?
401
Let s be ((-2)/4)/(5/(-220)). Let j = 1 + s. What are the prime factors of j?
23
Let t = 148 + -43. List the prime factors of t.
3, 5, 7
List the prime factors of 70/((-39)/15 + 3).
5, 7
List the prime factors of ((-440)/(-14))/((-42)/(-147)).
2, 5, 11
Let o(z) = -z**3 + 10*z**2 - 6*z + 4. Let d be o(4). List the prime factors of d/14 + (-20)/(-35).
2, 3
Suppose -24 = -3*b - 3*p, 3*b - 2*p + 0*p = 14. Suppose b + 1 = d. List the prime factors of (-9)/(-9) + d*2.
3, 5
Let m = -80 - -324. What are the prime factors of m?
2, 61
Suppose 0 = g + l - 34, -5*g + 10*g - 188 = 4*l. What are the prime factors of g?
2, 3
Suppose 0 = 2*q - 0*q - 3*y - 46, -q + 5*y + 30 = 0. Suppose 0 = -5*t - 2*r + q, 3*t + 2*r = -r + 21. List the prime factors of t.
2
Let m(w) = -188*w. List the prime factors of m(-1).
2, 47
Suppose 2*g - 3*f + f - 6 = 0, -4*g + 3*f + 9 = 0. Suppose g = -a - 14 + 35. Let c = a - 1. What are the prime factors of c?
2, 5
Let s(y) = y**3 + 25*y**2 - 2*y + 55. List the prime factors of s(-25).
3, 5, 7
Suppose 3*p - 214 = -64. List the prime factors of p.
2, 5
Let y = -45 + 70. Let m = y - 15. List the prime factors of 1/((-1)/m*-1).
2, 5
Let z = -1 - -14. List the prime factors of z.
13
Suppose 1 = q - 0*q + c, 0 = -5*q + 2*c - 9. Let x be q/(-2) + (-10)/(-4). Suppose -6*i + x*i = -33. List the prime factors of i.
11
Suppose -t - 3 = 3. Suppose -3*h - 5 = -5*i, 0 = 2*i + 2*i + 2*h + 18. What are the prime factors of (-86)/t - i/3?
3, 5
Let v = -3 + 3. Suppose -g - 3*g + 20 = v. What are the prime factors of g?
5
Suppose 130 = 4*p + s, 0*p + 2*s = 2*p - 60. List the prime factors of p.
2
Let f be 42/15 - (-3)/15. Suppose -13 = -u + s, 0*u - 31 = -f*u - s. What are the prime factors of u?
11
Suppose -5*j + 20 = -j. Suppose -19 = 3*y - 2*n - 3*n, -j*y + 5*n = 15. Suppose 0*l + 33 = 3*x - 3*l, 4*x + y*l = 32. List the prime factors of x.
3
Let c(i) = -i**2 + 3*i - 1. Let m be c(5). Suppose -4*k = -n - 87, 0*n = -5*k + n + 108. Let w = m + k. List the prime factors of w.
2, 5
Let c = -6 + 11. Suppose 5*j + c = -y + 16, 3*y + 3*j - 69 = 0. List the prime factors of y.
2, 13
Suppose 0 = 5*q - t - 163, -111 = -3*q - t + 6*t. Suppose 0 = -3*f + 5 + 7. Suppose -f*u = -4*s + q, -s + 5*u - u = 1. List the prime factors of s.
11
Let o(j) = 3*j - 7. Let w be o(5). What are the prime factors of (-4)/(w/(-6)) + 3?
2, 3
Let l(z) = 20*z - 5. List the prime factors of l(2).
5, 7
Let y be (-15 + -1 + 4)/(-2). Let u = y + 6. What are the prime factors of u?
2, 3
Suppose -8*s + 49 + 111 = 0. List the prime factors of s.
2, 5
Let y = 1019 - 724. List the prime factors of y.
5, 59
Let r = 1 - -1. Suppose -4*q + 4*f + 37 + 19 = 0, 2*q + r*f = 24. List the prime factors of q.
13
Suppose -4*l + 19 = 3. Suppose 3*z - 7*z = -l*w + 4, -18 = -3*w - 2*z. What are the prime factors of w?
2
Suppose 0 = -6*p + 100 + 104. What are the prime factors of p?
2, 17
Suppose 5*n = 5*g + 25, n - 8 = -n + 4*g. What are the prime factors of n?
2, 3
Suppose -5*c - 5*t + 2139 = -t, -4*c - 5*t = -1713. What are the prime factors of c?
7, 61
Suppose 0 = -4*v - 72 - 168. Let w = v + 37. Let p = -12 - w. What are the prime factors of p?
11
Suppose 2*x = 4*x - 32. Suppose -x = -0*f - 4*f. Suppose -f*v - v = -45. What are the prime factors of v?
3
Let d be (-1887)/(-68) - 2/(-8). Suppose -4*f + 36 = -d. What are the prime factors of f?
2
Suppose 0 = -3*z - 2*i + 22, 0*z = 3*z + 5*i - 37. Let j = z + 7. What are the prime factors of j?
11
Let q(c) = -c**3 - 8*c**2 - 8*c - 5. Let m be q(-7). Suppose m*f = 7*f - 70. What are the prime factors of f?
2, 7
Let p(l) = -2*l + 7. Let w be p(-9). Suppose -w = 4*s - 69. List the prime factors of s.
11
Suppose -z - 5*k + 333 = 0, -5*z + 4*k + k + 1575 = 0. List the prime factors of z.
2, 3, 53
Let k(g) be the second derivative of g**5/20 + g**4/2 + g**3 + 3*g**2 + g. Let u be k(-5). Let n = u + 5. What are the prime factors of n?
2, 3
Let g = 361 - 133. What are the prime factors of g?
2, 3, 19
Suppose 330 = 4*s - 398. What are the prime factors of s?
2, 7, 13
Suppose 0 = o + 2*u - 51, 4*o + 5*u = 4*u + 183. Suppose -o = -4*v - 1. List the prime factors of v.
11
Suppose z + 1 = -1, s + 3*z - 11 = 0. List the prime factors of s.
17
Suppose 0 = -4*v + 7 - 3, -3*v - 9 = -4*p. Let o be 4 - 2/(p - 2). Suppose -5*h = 3*d - 58, d - o*h + 9 = 2*h. What are the prime factors of d?
11
Suppose 0 = 4*w - 2*w - 10. Let m(t) = t - 1. Let s(z) = 5*z - 7. Let l(r) = 6*m(r) - s(r). What are the prime factors of l(w)?
2, 3
Let n = -50 - -71. List the prime factors of n.
3, 7
Let v(i) = i**3 - 12*i**2 + 6*i - 8. Let q(s) = s**3 - 11*s**2 + 7*s - 7. Let a(j) = 4*q(j) - 3*v(j). What are the prime factors of a(7)?
17
Let m be 9/12 + 171/12. Suppose